 remainder when 64838574 is divided by 892?
878
Calculate the remainder when 860233 is divided by 45275.
8
Calculate the remainder when 221320623 is divided by 61.
57
Calculate the remainder when 5794 is divided by 1223.
902
Calculate the remainder when 33095339 is divided by 90.
89
Calculate the remainder when 14619590 is divided by 31.
21
What is the remainder when 7448104 is divided by 7389?
7381
Calculate the remainder when 110394 is divided by 4778.
500
What is the remainder when 364136599 is divided by 340?
339
What is the remainder when 101641 is divided by 727?
588
What is the remainder when 3906967 is divided by 84934?
3
What is the remainder when 689632941 is divided by 434?
431
Calculate the remainder when 248571 is divided by 3195.
2556
What is the remainder when 19176608 is divided by 51?
47
What is the remainder when 2158715 is divided by 368?
27
What is the remainder when 215197389 is divided by 872?
869
Calculate the remainder when 194695 is divided by 97059.
577
What is the remainder when 41762319 is divided by 2830?
9
Calculate the remainder when 65611 is divided by 3465.
3241
What is the remainder when 7605432 is divided by 507028?
12
What is the remainder when 8334 is divided by 351?
261
Calculate the remainder when 39649345 is divided by 83.
79
What is the remainder when 40498457 is divided by 21?
20
Calculate the remainder when 8311219 is divided by 223.
9
What is the remainder when 497703 is divided by 8027?
29
Calculate the remainder when 123692 is divided by 2855.
927
What is the remainder when 44877239 is divided by 20?
19
Calculate the remainder when 15199520 is divided by 20.
0
Calculate the remainder when 11152760 is divided by 157.
108
What is the remainder when 1006263 is divided by 10701?
369
What is the remainder when 50196483 is divided by 1506?
1503
What is the remainder when 255108 is divided by 50968?
268
What is the remainder when 181373559 is divided by 19?
15
Calculate the remainder when 246182 is divided by 12954.
56
Calculate the remainder when 17829382 is divided by 2135.
2132
Calculate the remainder when 1770910 is divided by 354104.
390
Calculate the remainder when 19957111 is divided by 33.
31
Calculate the remainder when 123311630 is divided by 11.
2
Calculate the remainder when 218247607 is divided by 237.
232
What is the remainder when 4468598 is divided by 832?
758
What is the remainder when 79062674 is divided by 22?
20
Calculate the remainder when 572664 is divided by 286298.
68
Calculate the remainder when 23384847 is divided by 1605.
1602
What is the remainder when 527264 is divided by 4252?
16
Calculate the remainder when 2651299 is divided by 12.
7
Calculate the remainder when 1639587 is divided by 3526.
3523
What is the remainder when 72803170 is divided by 2275099?
2
Calculate the remainder when 339508 is divided by 949.
715
What is the remainder when 562523 is divided by 187461?
140
What is the remainder when 7839270 is divided by 876?
822
Calculate the remainder when 2212440 is divided by 1106158.
124
Calculate the remainder when 1361627 is divided by 20946.
137
Calculate the remainder when 4399144 is divided by 9998.
24
What is the remainder when 239272 is divided by 1927?
324
Calculate the remainder when 13934877 is divided by 360.
357
Calculate the remainder when 580862 is divided by 4091.
4031
What is the remainder when 1174674 is divided by 945?
39
What is the remainder when 16994652 is divided by 4248627?
144
Calculate the remainder when 150827 is divided by 349.
59
What is the remainder when 2842980 is divided by 1198?
126
What is the remainder when 3414206 is divided by 67?
20
What is the remainder when 68782983 is divided by 27?
24
What is the remainder when 13080479 is divided by 16?
15
What is the remainder when 23592 is divided by 271?
15
Calculate the remainder when 400769229 is divided by 1245.
1239
What is the remainder when 1404259 is divided by 280848?
19
Calculate the remainder when 25989598 is divided by 523.
159
Calculate the remainder when 764467 is divided by 8687.
11
What is the remainder when 202671848 is divided by 117764?
4
Calculate the remainder when 16599613 is divided by 16599602.
11
Calculate the remainder when 1160196 is divided by 386474.
774
Calculate the remainder when 15105 is divided by 15082.
23
Calculate the remainder when 79929351 is divided by 152.
151
Calculate the remainder when 732649 is divided by 1297.
1141
What is the remainder when 526490 is divided by 642?
50
What is the remainder when 637349 is divided by 318171?
1007
What is the remainder when 4139521 is divided by 960?
1
What is the remainder when 102545240 is divided by 1273?
1271
Calculate the remainder when 8590548 is divided by 252662.
40
Calculate the remainder when 840713 is divided by 28022.
53
Calculate the remainder when 2340706 is divided by 8424.
7258
Calculate the remainder when 13349309 is divided by 115.
109
Calculate the remainder when 34024148 is divided by 245.
18
What is the remainder when 53859 is divided by 53822?
37
Calculate the remainder when 889587 is divided by 52328.
11
Calculate the remainder when 362391 is divided by 3938.
95
What is the remainder when 25093695 is divided by 1792406?
11
Calculate the remainder when 20220852 is divided by 222.
204
What is the remainder when 682313 is divided by 922?
33
What is the remainder when 2959211 is divided by 422739?
38
Calculate the remainder when 133093 is divided by 41.
7
Calculate the remainder when 19225257 is divided by 29.
26
What is the remainder when 13419565 is divided by 63?
61
What is the remainder when 590497 is divided by 45?
7
Calculate the remainder when 7461048 is divided by 73.
10
What is the remainder when 108211 is divided by 1336?
1331
Calculate the remainder when 2703432 is divided by 675856.
8
What is the remainder when 261655 is divided by 86297?
2764
What is the remainder when 986142 is divided by 1483?
1430
Calculate the remainder when 700076 is divided by 77745.
371
What is the remainder when 19447916 is divided by 3241314?
32
What is the remainder when 784146 is divided by 1275?
21
Calculate the remainder when 1515833 is divided by 1948.
289
Calculate the remainder when 13405874 is divided by 24.
2
What is the remainder when 2837920 is divided by 97843?
473
What is the remainder when 3242231 is divided by 3242204?
27
Calculate the remainder when 4062528 is divided by 1540.
8
Calculate the remainder when 3244531 is divided by 811109.
95
What is the remainder when 166974709 is divided by 74?
73
Calculate the remainder when 36558 is divided by 714.
144
What is the remainder when 1275172 is divided by 2918?
6
What is the remainder when 98285 is divided by 838?
239
What is the remainder when 3226761 is divided by 95?
86
Calculate the remainder when 14114487 is divided by 23.
8
Calculate the remainder when 12159265 is divided by 104.
1
What is the remainder when 1091125 is divided by 568?
565
What is the remainder when 65859 is divided by 65642?
217
What is the remainder when 1965070 is divided by 58?
30
Calculate the remainder when 1308033 is divided by 108927.
909
Calculate the remainder when 5387815 is divided by 261.
253
Calculate the remainder when 8750738 is divided by 672.
626
What is the remainder when 112546 is divided by 98?
42
Calculate the remainder when 25020 is divided by 1785.
30
What is the remainder when 6803 is divided by 2161?
320
Calculate the remainder when 4640613 is divided by 1301.
1247
Calculate the remainder when 1871188 is divided by 311845.
118
Calculate the remainder when 94821872 is divided by 93605.
7
What is the remainder when 14235599 is divided by 4745198?
5
What is the remainder when 885537091 is divided by 2626?
2623
Calculate the remainder when 236695 is divided by 1985.
480
What is the remainder when 90569134 is divided by 42?
40
Calculate the remainder when 38047 is divided by 1084.
107
What is the remainder when 149328 is divided by 74622?
84
What is the remainder when 7384097 is divided by 615341?
5
What is the remainder when 736854533 is divided by 20?
13
Calculate the remainder when 118726 is divided by 9877.
202
What is the remainder when 34761 is divided by 11295?
876
Calculate the remainder when 1760394 is divided by 94.
56
Calculate the remain